are the prime factors of v?
683
Suppose 129*s + 36 = 138*s. List the prime factors of 363 + ((-48)/(-6) - s) - 0.
367
Let o(h) = h**3 + 6*h**2 + 4*h - 1. Suppose 0 = -2*f - 2 + 12. Suppose f*x = -4*x - 18. List the prime factors of o(x).
7
Let k(l) = -10*l**3 - l**2 + 7*l + 6. Let r be k(4). Let h = 1100 + r. What are the prime factors of h?
2, 239
Suppose -4*u + 0*z + 16 = -4*z, u = -3*z - 4. Suppose u = 2*d, 4*f + 14*d = 13*d + 837. What are the prime factors of f?
11, 19
Let k = -50 - -144. Let d = 218 - k. What are the prime factors of d?
2, 31
Suppose -17*n - 43394 + 596965 = 0. What are the prime factors of n?
32563
Let b(a) = 97*a - 9. Let o be (-6)/(0 + 2) + 4/1. What are the prime factors of b(o)?
2, 11
Suppose -3 = 20*g - 21*g, -26724 = -3*d + 5*g. List the prime factors of d.
3, 2971
Suppose -4*b + k = -8806, 36 = -5*k + 26. Let p = 3090 - b. What are the prime factors of p?
7, 127
Suppose -6*z = -50464 + 8002. List the prime factors of z.
3, 7, 337
Let f = 19606 - 4249. What are the prime factors of f?
3, 5119
Suppose -u + 34747 = 4*g, -502*g + 500*g + 17373 = u. What are the prime factors of g?
7, 17, 73
Let a(b) = b**2 - 15*b + 14. Let s be a(11). Let k = 28 + s. List the prime factors of (8/5)/((4/(-75))/k).
2, 3, 5
Let o(r) = 24*r**3 + 2*r - 3. Let h be o(1). Suppose -34 = -2*p - 4*j, -j - h = 3*p - 64. What are the prime factors of p?
13
Let f be 0 + 4/32 - (-291)/(-24). Let n(b) = -48*b + 109. What are the prime factors of n(f)?
5, 137
Let z(m) = m**3 + 6*m**2 - 16*m + 12. Let n be z(-8). Suppose 1006 = n*p + 262. List the prime factors of p.
2, 31
Suppose 31*o - 16089 = 1235 + 1431. What are the prime factors of o?
5, 11
Let i be (233*12/6)/((-4)/(-10)). Let u = i - 752. What are the prime factors of u?
7, 59
Let x be ((-9747)/4)/(-9)*(-12)/(-3). Let p = -539 + x. List the prime factors of p.
2, 17
Suppose -3 = -3*u, 3*u - 4*u = -3*w - 157. Let r = w - -56. Suppose -5*z + 5*k = -r*z - 70, -5*k = 0. List the prime factors of z.
2, 5, 7
Suppose k - 1 = 0, t - 4*k + 9268 = 5*t. Let r = -690 + t. List the prime factors of r.
2, 3, 271
Let g(l) = 26 - 48*l + 7*l - 17. What are the prime factors of g(-13)?
2, 271
Suppose -7030 = -3*i - 11*k, 48*i - 47*i = 3*k + 2390. List the prime factors of i.
23, 103
Let q = -28 + 25. Let b be (-72)/(-27)*q/(-2). Suppose 5*z = p + 214, b*p - 150 = -3*z - 40. What are the prime factors of z?
2, 3, 7
Let j = 253 + -64. Let l = 297 - j. Suppose 0*c + c - l = 0. What are the prime factors of c?
2, 3
Suppose 2*d - 26246 = -2*y, 53428 - 933 = 4*y + d. What are the prime factors of y?
2, 17, 193
Let y = -56858 + 82753. What are the prime factors of y?
5, 5179
Let c(y) = 2*y - 12. Let t be c(8). Suppose 3*d = 4*d - t. Suppose -d*v = -5*b - 164 - 181, v + 2*b = 96. What are the prime factors of v?
2, 3, 5
Suppose 4*a = a + 15, -4*a = -x - 11. Let o(c) = 67*c + 101. Let u be o(0). Let k = u - x. What are the prime factors of k?
2, 23
Let g be -6 + 3 - (15138 + -1). Let t be 1 + g/(-35) + 3/7. Suppose -5*a + t = 2*a. List the prime factors of a.
2, 31
Suppose -29*s + 302191 = 68596. List the prime factors of s.
3, 5, 179
What are the prime factors of 19/57*-33 - -24156?
5, 11, 439
Let u be (-62 - -113) + 5*(0 + 1). Let r = 845 - u. What are the prime factors of r?
3, 263
Let l(m) = -m**3 - 2*m**2 + 6*m - 3. Let h be l(2). Let o(q) = 5*q**2 + 25*q + 116. What are the prime factors of o(h)?
2, 3, 31
Suppose 5*j + 131790 = 10*j. List the prime factors of j.
2, 3, 23, 191
What are the prime factors of (38/6)/((-473151)/(-47313) + -10)?
19, 751
Let j(a) = a - 7. Let i be j(9). Let v(o) = o**2 + 23*o + 25. Let w be v(-22). Suppose -104 = -w*p - b, p - 3*b - 16 = i. List the prime factors of p.
3, 11
Suppose 0 = -2*g + 20411 + 67775. What are the prime factors of g?
7, 6299
Suppose 2*u + 5136 = -4*n - 2766, 0 = 5*u + 3*n + 19734. List the prime factors of (-1)/(-10) + u/(-50).
79
Let b(o) = o**3 - 49*o**2 - 83*o + 145. What are the prime factors of b(51)?
2, 557
Suppose 9436 + 1364 = 12*d. Suppose -6*c + 276 + d = 0. What are the prime factors of c?
2, 7
Suppose 2*r - 824 = 1796. Let x = r - 619. List the prime factors of x.
691
Let o be 66/55 + 2/(-10) + 2. Let y(b) = 4*b + 26*b**o - b - 6 + 5 - 2*b**2 - 10*b**3. What are the prime factors of y(2)?
5
Suppose -z + 21324 = -j - 4*j, -42583 = -2*z - 3*j. Suppose -32*v + z = -13*v. List the prime factors of v.
19, 59
Let c(g) be the second derivative of 4*g**5/5 + g**4/12 + 3*g**3 - 95*g**2/2 - 132*g. List the prime factors of c(4).
3, 113
Suppose 5*j - 38 - 7 = 0. Suppose 0 = 3*v + j, 0*v + 6 = b - v. List the prime factors of (-9)/27 - (-208)/b.
3, 23
Suppose 0*w - 150 = -3*w + 3*k, -2*w - 5*k = -114. Suppose 0 = -w*u + 44*u + 7192. List the prime factors of u.
29, 31
Let s(m) = 3*m**3 - 6*m**2 + 10*m - 3. Let a be s(1). Suppose 25*x - 28*x = -15, 0 = 2*w + a*x - 1470. List the prime factors of w.
5, 29
Suppose 36*a = 255202 + 48854. What are the prime factors of a?
2, 41, 103
Suppose 0 = -4*x - 3*b + 3218, 6 + 2 = -4*b. Let t = 2627 - x. What are the prime factors of t?
3, 607
Let l(q) = -2*q - 4 + 3*q + 3*q**3 + 2*q - q. Let g be l(-3). List the prime factors of g*-4*(0 + 2/8).
7, 13
Let q(b) = 844*b + 207. List the prime factors of q(18).
3, 29, 59
Let k be (190/35 - 5) + (-207)/(-7). Suppose 2292 = -k*y + 33*y. What are the prime factors of y?
2, 191
Suppose 50*g = 59*g - 63. Let q(l) = 11*l**2 + 27*l - 18. List the prime factors of q(g).
2, 5, 71
Let f(n) = -17*n**3 + 7*n**2 + 29*n + 12. What are the prime factors of f(-9)?
3, 19, 223
Let u(t) = 3*t - 2*t + t**2 + 9 + 4*t + 2*t. Let g be u(-7). Let p(n) = -n**3 + 9*n**2 + 5*n + 5. What are the prime factors of p(g)?
2, 5
Let w be 0 + 1 + (2202 - 8). Suppose -2*g - m = -w, -3299 = -0*g - 3*g + 5*m. What are the prime factors of g?
2, 3, 61
Suppose 0 = 116*a - 99*a - 492796. List the prime factors of a.
2, 7247
Let s be ((12/7)/2)/(69/322). List the prime factors of s + ((-12)/(-18))/(2/888).
2, 3, 5
Let g = -951 + 948. Suppose -4*n = -3*d + 29, n = -n - 10. What are the prime factors of ((-4)/g)/(d/54)?
2, 3
Let s(c) = -48*c - 10. Let z(w) = -48*w - 10. Let g(x) = 4*s(x) - 5*z(x). Let u be g(-7). Let t = -175 - u. List the prime factors of t.
151
Let r(u) = -16*u - 157. Let y be r(-9). What are the prime factors of (y - 2)/((-75)/850)?
2, 5, 17
Suppose -85 = u - 5*p, 35 = -u - 9*p + 4*p. Let b = -56 - u. List the prime factors of (-53)/(((-2)/(-10))/(b/(-10))).
2, 53
Let g(k) = -29*k**2 - 24*k**2 - 30*k**2 - 6*k + 89*k**2 - 2. List the prime factors of g(5).
2, 59
What are the prime factors of (9 + -31)/(-11)*4772?
2, 1193
Let b(i) = 2*i**2 - 17*i - 113. Let u be b(13). Suppose u*p = -44*l + 43*l + 1662, 3*p = 2*l - 3335. What are the prime factors of l?
2, 7, 17
Let d = 590 + -317. Let h = -43 - d. Let v = -163 - h. List the prime factors of v.
3, 17
Let s(k) = -14*k**3 - k**2 + k + 2. Let r be s(-1). Suppose -966 = r*j - 21*j. What are the prime factors of j?
2, 3, 23
Suppose -29*v + 1056432 = 26*v + 35522. List the prime factors of v.
2, 9281
Let u(w) = -2*w - 8. Let c be u(-6). Suppose 2*z + 2 = -3*q - 0*z, 4*q - 2*z = -26. What are the prime factors of 57 - (4 - c/(q/(-3)))?
2, 7
Let a(h) = -h**3 - 13*h**2 - 3*h - 31. Let v be a(-13). Suppose -17*l + v = -13*l. Suppose 205 = l*t - 39. What are the prime factors of t?
2, 61
Let p(b) = 2*b**2 + 15*b - 12. Let q be 972/(-135) - (-2)/10. Let z be p(q). Let r = z + 34. List the prime factors of r.
3, 5
Let g be -20 + 16 + (956 - -1). Suppose 4*h - g = 211. What are the prime factors of h?
3, 97
Let k = -148 + 150. Let v(s) = 12*s - 16. List the prime factors of v(k).
2
Suppose -8*a + 4*p - 39139 = -9*a, -3*p = -2*a + 78267. List the prime factors of a.
3, 5, 2609
Let o(d) = d**2 + d - 83. Let a be o(-14). Let h = a + 317. List the prime factors of h.
2, 13
Let v(m) = -2*m**2 + 2*m - 2. Let u = -18 + 24. Let h be v(u). Let q = 40 - h. What are the prime factors of q?
2, 3, 17
Let i(c) = 106*c + 229. Let y be i(-13). Let m = y - -1724. List the prime factors of m.
5, 23
Suppose 178*r - 9399392 = -61*r. List the prime factors of r.
2, 1229
Let x = 2434 - -42181. What are the prime factors of x?
5, 8923
Let l = 64 + -85. Let k = 412 + -288. Let m = l + k. Li